3231?
9
Calculate the highest common divisor of 1503528 and 1264.
632
Calculate the highest common factor of 350 and 333500.
50
What is the highest common divisor of 876 and 756?
12
What is the highest common divisor of 2193 and 23069?
17
Calculate the greatest common divisor of 1498365 and 4036.
1009
What is the greatest common divisor of 331 and 1625541?
331
Calculate the greatest common factor of 4984 and 266.
14
What is the highest common factor of 63801 and 864?
27
What is the greatest common divisor of 115 and 22057?
23
What is the greatest common factor of 146 and 343319?
73
Calculate the greatest common factor of 61787 and 55.
11
What is the greatest common factor of 24629 and 11?
11
Calculate the highest common divisor of 285226 and 374.
34
What is the highest common divisor of 121 and 78089?
11
Calculate the greatest common factor of 48359 and 5.
1
Calculate the highest common factor of 400551 and 219.
219
What is the highest common divisor of 206794 and 28?
14
Calculate the greatest common factor of 8961238 and 286.
286
Calculate the highest common factor of 11568 and 582.
6
What is the greatest common divisor of 3918 and 186?
6
Calculate the greatest common divisor of 152194 and 196.
98
Calculate the highest common divisor of 3380789 and 43.
43
What is the greatest common factor of 944560 and 32?
16
What is the highest common factor of 110476 and 9725?
389
What is the greatest common divisor of 652171 and 39?
13
What is the highest common divisor of 318448 and 32?
16
Calculate the highest common factor of 846 and 766053.
423
What is the greatest common divisor of 1625 and 143?
13
What is the greatest common divisor of 1571855 and 62?
31
Calculate the greatest common divisor of 18 and 1064538.
18
Calculate the highest common factor of 534375 and 4125.
375
What is the highest common factor of 2910 and 482187?
291
What is the highest common factor of 2744 and 111132?
1372
Calculate the highest common factor of 56 and 2193884.
28
What is the greatest common factor of 164 and 4272200?
164
What is the greatest common factor of 237783 and 66129?
1407
What is the highest common divisor of 1924 and 76284?
52
Calculate the greatest common divisor of 1797 and 1580761.
599
Calculate the highest common divisor of 2 and 747479.
1
Calculate the greatest common divisor of 16938 and 72.
18
Calculate the greatest common divisor of 7 and 1214927.
7
Calculate the greatest common factor of 23704 and 40.
8
Calculate the highest common factor of 1014 and 296426.
338
Calculate the highest common divisor of 54548 and 16.
4
Calculate the highest common factor of 163432 and 186.
62
Calculate the highest common divisor of 48960 and 2520.
360
Calculate the highest common factor of 23432 and 783.
29
Calculate the greatest common divisor of 3 and 61647.
3
What is the highest common divisor of 6 and 53826?
6
Calculate the highest common factor of 7686 and 16506.
126
What is the greatest common divisor of 3379 and 82367?
31
Calculate the greatest common factor of 37728 and 666.
18
Calculate the greatest common factor of 41477 and 148.
37
Calculate the highest common factor of 456616 and 16.
8
What is the greatest common factor of 2392 and 96?
8
Calculate the greatest common divisor of 54 and 181098.
18
What is the highest common divisor of 2404 and 100367?
601
What is the greatest common factor of 6150 and 41574?
246
What is the highest common factor of 344 and 515828?
172
Calculate the greatest common divisor of 1200 and 58200.
600
What is the highest common factor of 152073 and 69?
3
Calculate the greatest common factor of 16 and 2766928.
16
Calculate the highest common divisor of 4699 and 508.
127
Calculate the greatest common factor of 705 and 3415443.
141
Calculate the highest common divisor of 260 and 13065.
65
Calculate the highest common divisor of 11604 and 240.
12
What is the highest common divisor of 291654 and 264?
66
Calculate the highest common divisor of 55080 and 486.
162
Calculate the highest common factor of 909 and 3087.
9
What is the greatest common factor of 80 and 12752?
16
What is the highest common factor of 2822 and 128?
2
Calculate the highest common divisor of 45 and 231645.
15
What is the highest common factor of 13 and 1468?
1
Calculate the highest common divisor of 31 and 63209.
31
Calculate the greatest common factor of 405022 and 1878.
626
What is the greatest common divisor of 354 and 78529?
59
What is the greatest common divisor of 45165 and 15?
15
Calculate the greatest common divisor of 249751 and 137.
137
Calculate the greatest common factor of 2212549 and 921.
307
What is the greatest common factor of 33 and 4071?
3
Calculate the highest common factor of 7718 and 26146.
34
What is the highest common divisor of 7 and 1202005?
7
Calculate the highest common divisor of 18220 and 505.
5
What is the greatest common factor of 430191 and 1128?
141
What is the greatest common divisor of 396 and 828?
36
What is the greatest common factor of 202 and 880417?
101
Calculate the greatest common factor of 1465 and 95.
5
What is the highest common divisor of 26319 and 50091?
849
What is the greatest common divisor of 9348 and 516?
12
What is the highest common divisor of 22114771 and 301?
301
Calculate the highest common divisor of 187 and 112607.
11
Calculate the highest common divisor of 258462 and 996.
498
What is the highest common factor of 885 and 73632?
177
What is the highest common divisor of 1145 and 148621?
229
What is the greatest common factor of 12894 and 84?
42
Calculate the greatest common factor of 63 and 371.
7
What is the highest common factor of 31244 and 97528?
292
What is the highest common factor of 2039712 and 24?
24
What is the highest common divisor of 296535 and 45?
15
Calculate the greatest common divisor of 603386 and 188.
94
What is the highest common divisor of 955 and 5115935?
955
Calculate the highest common divisor of 9150 and 1725.
75
What is the highest common factor of 276 and 5300?
4
Calculate the greatest common factor of 12 and 826764.
12
What is the greatest common divisor of 37808 and 816?
272
What is the highest common divisor of 5796 and 6923?
161
Calculate the highest common divisor of 147 and 36834.
21
Calculate the highest common divisor of 3663 and 3861.
99
Calculate the greatest common factor of 1250 and 1083125.
625
Calculate the highest common divisor of 1388984 and 696.
232
Calculate the highest common factor of 165477 and 39.
39
What is the greatest common divisor of 16200 and 1000?
200
Calculate the greatest common factor of 902 and 4477.
11
What is the greatest common divisor of 9850 and 1751330?
1970
Calculate the highest common factor of 15194 and 1712.
214
What is the highest common factor of 8360180 and 40?
20
What is the greatest common factor of 52984 and 14208?
296
Calculate the highest common factor of 14135 and 20.
5
What is the greatest common divisor of 19602 and 33?
33
What is the greatest common divisor of 1584 and 2000?
16
What is the greatest common factor of 34092 and 4?
4
Calculate the highest common divisor of 260 and 518830.
130
Calculate the highest common factor of 7973 and 871.
67
Calculate the greatest common divisor of 92114 and 296164.
1166
What is the greatest common divisor of 38424 and 152?
8
Calculate the highest common divisor of 2344769 and 131.
131
Calculate the greatest common divisor of 7788 and 156.
12
What is the highest common divisor of 559 and 34099?
559
What is the greatest common divisor of 30 and 679290?
30
What is the highest common factor of 562131 and 18?
9
Calculate the greatest common factor of 584 and 76.
4
What is the greatest common divisor of 21978 and 54648?
594
What is the greatest common factor of 23332 and 2090?
38
What is the highest common divisor of 564 and 9964?
188
Calculate the highest common divisor of 15078 and 22120.
14
What is the highest common divisor of 46355 and 5715?
635
What is the greatest common factor of 136 and 1161100?
68
What is the highest common divisor of 23903 and 1579771?
2173
What is the greatest common factor of 8027 and 28?
1
What is the highest common divisor of 4 and 574108?
4
Calculate the greatest common factor of 6759 and 406291.
751
Calculate the greatest common divisor of 8721 and 459.
459
Wha